[INFO] cloning repository https://github.com/ItiharaYuuko/Rust_m3u8_dl
[INFO] running `Command { std: "git" "-c" "credential.helper=" "-c" "credential.helper=/workspace/cargo-home/bin/git-credential-null" "clone" "--bare" "https://github.com/ItiharaYuuko/Rust_m3u8_dl" "/workspace/cache/git-repos/https%3A%2F%2Fgithub.com%2FItiharaYuuko%2FRust_m3u8_dl", kill_on_drop: false }`
[INFO] [stderr] Cloning into bare repository '/workspace/cache/git-repos/https%3A%2F%2Fgithub.com%2FItiharaYuuko%2FRust_m3u8_dl'...
[INFO] running `Command { std: "git" "rev-parse" "HEAD", kill_on_drop: false }`
[INFO] [stdout] 75c86e1ea6207efabc949fd4acf6988ed24fe8bc
[INFO] checking ItiharaYuuko/Rust_m3u8_dl against master#9610dfe5a9a731ced1ea4923ecbd0c57fe367898 for beta-170-4
[INFO] running `Command { std: "git" "clone" "/workspace/cache/git-repos/https%3A%2F%2Fgithub.com%2FItiharaYuuko%2FRust_m3u8_dl" "/workspace/builds/worker-0-tc1/source", kill_on_drop: false }`
[INFO] [stderr] Cloning into '/workspace/builds/worker-0-tc1/source'...
[INFO] [stderr] done.
[INFO] validating manifest of git repo https://github.com/ItiharaYuuko/Rust_m3u8_dl on toolchain 9610dfe5a9a731ced1ea4923ecbd0c57fe367898
[INFO] running `Command { std: CARGO_HOME="/workspace/cargo-home" RUSTUP_HOME="/workspace/rustup-home" "/workspace/cargo-home/bin/cargo" "+9610dfe5a9a731ced1ea4923ecbd0c57fe367898" "metadata" "--manifest-path" "Cargo.toml" "--no-deps", kill_on_drop: false }`
[INFO] started tweaking git repo https://github.com/ItiharaYuuko/Rust_m3u8_dl
[INFO] finished tweaking git repo https://github.com/ItiharaYuuko/Rust_m3u8_dl
[INFO] tweaked toml for git repo https://github.com/ItiharaYuuko/Rust_m3u8_dl written to /workspace/builds/worker-0-tc1/source/Cargo.toml
[INFO] crate git repo https://github.com/ItiharaYuuko/Rust_m3u8_dl already has a lockfile, it will not be regenerated
[INFO] running `Command { std: CARGO_HOME="/workspace/cargo-home" RUSTUP_HOME="/workspace/rustup-home" "/workspace/cargo-home/bin/cargo" "+9610dfe5a9a731ced1ea4923ecbd0c57fe367898" "fetch" "--manifest-path" "Cargo.toml", kill_on_drop: false }`
[INFO] running `Command { std: "docker" "create" "-v" "/var/lib/crater-agent-workspace/builds/worker-0-tc1/target:/opt/rustwide/target:rw,Z" "-v" "/var/lib/crater-agent-workspace/builds/worker-0-tc1/source:/opt/rustwide/workdir:ro,Z" "-v" "/var/lib/crater-agent-workspace/cargo-home:/opt/rustwide/cargo-home:ro,Z" "-v" "/var/lib/crater-agent-workspace/rustup-home:/opt/rustwide/rustup-home:ro,Z" "-e" "SOURCE_DIR=/opt/rustwide/workdir" "-e" "CARGO_TARGET_DIR=/opt/rustwide/target" "-e" "CARGO_HOME=/opt/rustwide/cargo-home" "-e" "RUSTUP_HOME=/opt/rustwide/rustup-home" "-w" "/opt/rustwide/workdir" "-m" "1610612736" "--user" "0:0" "--network" "none" "ghcr.io/rust-lang/crates-build-env/linux@sha256:19e73879b68f455e41552ea35293514db52ea292d993f571636dbffedb77a1ee" "/opt/rustwide/cargo-home/bin/cargo" "+9610dfe5a9a731ced1ea4923ecbd0c57fe367898" "metadata" "--no-deps" "--format-version=1", kill_on_drop: false }`
[INFO] [stdout] 5a83233b169c38c3607208222acfec566feb4fe19a60f61e1b9ee57411399f52
[INFO] running `Command { std: "docker" "start" "-a" "5a83233b169c38c3607208222acfec566feb4fe19a60f61e1b9ee57411399f52", kill_on_drop: false }`
[INFO] running `Command { std: "docker" "inspect" "5a83233b169c38c3607208222acfec566feb4fe19a60f61e1b9ee57411399f52", kill_on_drop: false }`
[INFO] running `Command { std: "docker" "rm" "-f" "5a83233b169c38c3607208222acfec566feb4fe19a60f61e1b9ee57411399f52", kill_on_drop: false }`
[INFO] [stdout] 5a83233b169c38c3607208222acfec566feb4fe19a60f61e1b9ee57411399f52
[INFO] running `Command { std: "docker" "create" "-v" "/var/lib/crater-agent-workspace/builds/worker-0-tc1/target:/opt/rustwide/target:rw,Z" "-v" "/var/lib/crater-agent-workspace/builds/worker-0-tc1/source:/opt/rustwide/workdir:ro,Z" "-v" "/var/lib/crater-agent-workspace/cargo-home:/opt/rustwide/cargo-home:ro,Z" "-v" "/var/lib/crater-agent-workspace/rustup-home:/opt/rustwide/rustup-home:ro,Z" "-e" "SOURCE_DIR=/opt/rustwide/workdir" "-e" "CARGO_TARGET_DIR=/opt/rustwide/target" "-e" "CARGO_INCREMENTAL=0" "-e" "RUST_BACKTRACE=full" "-e" "RUSTFLAGS=--cap-lints=forbid" "-e" "RUSTDOCFLAGS=--cap-lints=forbid" "-e" "CARGO_HOME=/opt/rustwide/cargo-home" "-e" "RUSTUP_HOME=/opt/rustwide/rustup-home" "-w" "/opt/rustwide/workdir" "-m" "1610612736" "--user" "0:0" "--network" "none" "ghcr.io/rust-lang/crates-build-env/linux@sha256:19e73879b68f455e41552ea35293514db52ea292d993f571636dbffedb77a1ee" "/opt/rustwide/cargo-home/bin/cargo" "+9610dfe5a9a731ced1ea4923ecbd0c57fe367898" "check" "--frozen" "--all" "--all-targets" "--message-format=json", kill_on_drop: false }`
[INFO] [stdout] e51025f8cdfb3fd58bc735a7321e7b0dffc477493a10bd7910890e3a3b03d8bc
[INFO] running `Command { std: "docker" "start" "-a" "e51025f8cdfb3fd58bc735a7321e7b0dffc477493a10bd7910890e3a3b03d8bc", kill_on_drop: false }`
[INFO] [stderr]    Compiling libc v0.2.103
[INFO] [stderr]    Compiling proc-macro2 v1.0.29
[INFO] [stderr]    Compiling cc v1.0.71
[INFO] [stderr]    Compiling pkg-config v0.3.20
[INFO] [stderr]    Compiling syn v1.0.80
[INFO] [stderr]     Checking instant v0.1.11
[INFO] [stderr]    Compiling futures-core v0.3.17
[INFO] [stderr]    Compiling tokio v1.12.0
[INFO] [stderr]    Compiling unicase v2.6.0
[INFO] [stderr]    Compiling futures-task v0.3.17
[INFO] [stderr]    Compiling futures-util v0.3.17
[INFO] [stderr]    Compiling openssl v0.10.36
[INFO] [stderr]     Checking tracing-core v0.1.21
[INFO] [stderr]     Checking futures-sink v0.3.17
[INFO] [stderr]    Compiling futures-channel v0.3.17
[INFO] [stderr]    Compiling quote v1.0.10
[INFO] [stderr]    Compiling native-tls v0.2.8
[INFO] [stderr]     Checking tracing v0.1.29
[INFO] [stderr]     Checking parking_lot_core v0.8.5
[INFO] [stderr]     Checking signal-hook-registry v1.4.0
[INFO] [stderr]     Checking num_cpus v1.13.0
[INFO] [stderr]     Checking mio v0.7.13
[INFO] [stderr]     Checking parking_lot v0.11.2
[INFO] [stderr]     Checking tinyvec v1.5.0
[INFO] [stderr]     Checking openssl-probe v0.1.4
[INFO] [stderr]     Checking slab v0.4.4
[INFO] [stderr]    Compiling openssl-sys v0.9.67
[INFO] [stderr]     Checking want v0.3.0
[INFO] [stderr]    Compiling mime_guess v2.0.3
[INFO] [stderr]    Compiling serde v1.0.130
[INFO] [stderr]     Checking socket2 v0.4.2
[INFO] [stderr]     Checking http-body v0.4.3
[INFO] [stderr]    Compiling encoding_rs v0.8.28
[INFO] [stderr]     Checking httpdate v1.0.1
[INFO] [stderr]     Checking unicode-normalization v0.1.19
[INFO] [stderr]     Checking idna v0.2.3
[INFO] [stderr]     Checking url v2.2.2
[INFO] [stderr]    Compiling tokio-macros v1.4.1
[INFO] [stderr]     Checking serde_urlencoded v0.7.0
[INFO] [stderr]     Checking tokio-util v0.6.8
[INFO] [stderr]     Checking tokio-native-tls v0.3.0
[INFO] [stderr]     Checking h2 v0.3.6
[INFO] [stderr]     Checking hyper v0.14.13
[INFO] [stderr]     Checking hyper-tls v0.5.0
[INFO] [stderr]     Checking reqwest v0.11.5
[INFO] [stderr]     Checking rust_m3u8_dl v0.1.27 (/opt/rustwide/workdir)
[INFO] [stdout] error[E0433]: failed to resolve: could not find `windows` in `os`
[INFO] [stdout]  --> src/main.rs:7:14
[INFO] [stdout]   |
[INFO] [stdout] 7 | use std::os::windows::prelude::*;
[INFO] [stdout]   |              ^^^^^^^ could not find `windows` in `os`
[INFO] [stdout] 
[INFO] [stdout] 
[INFO] [stdout] error[E0433]: failed to resolve: could not find `windows` in `os`
[INFO] [stdout]  --> src/main.rs:7:14
[INFO] [stdout]   |
[INFO] [stdout] 7 | use std::os::windows::prelude::*;
[INFO] [stdout]   |              ^^^^^^^ could not find `windows` in `os`
[INFO] [stdout] 
[INFO] [stdout] 
[INFO] [stdout] error[E0599]: no method named `file_size` found for struct `Metadata` in the current scope
[INFO] [stdout]    --> src/main.rs:222:58
[INFO] [stdout]     |
[INFO] [stdout] 222 |             let lc_fsize = fs::metadata(f_name).unwrap().file_size();
[INFO] [stdout]     |                                                          ^^^^^^^^^ help: there is a method with a similar name: `file_type`
[INFO] [stdout] 
[INFO] [stdout] 
[INFO] [stdout] error[E0599]: no method named `file_size` found for struct `Metadata` in the current scope
[INFO] [stdout]    --> src/main.rs:222:58
[INFO] [stdout]     |
[INFO] [stdout] 222 |             let lc_fsize = fs::metadata(f_name).unwrap().file_size();
[INFO] [stdout]     |                                                          ^^^^^^^^^ help: there is a method with a similar name: `file_type`
[INFO] [stdout] 
[INFO] [stdout] 
[INFO] [stdout] error: aborting due to 2 previous errors
[INFO] [stdout] 
[INFO] [stdout] 
[INFO] [stdout] Some errors have detailed explanations: E0433, E0599.
[INFO] [stdout] 
[INFO] [stdout] For more information about an error, try `rustc --explain E0433`.
[INFO] [stdout] 
[INFO] [stdout] error: aborting due to 2 previous errors
[INFO] [stdout] 
[INFO] [stdout] 
[INFO] [stdout] Some errors have detailed explanations: E0433, E0599.
[INFO] [stdout] 
[INFO] [stdout] For more information about an error, try `rustc --explain E0433`.
[INFO] [stdout] 
[INFO] [stderr] error: could not compile `rust_m3u8_dl` (bin "rust_m3u8_dl") due to 3 previous errors
[INFO] [stderr] warning: build failed, waiting for other jobs to finish...
[INFO] [stderr] error: could not compile `rust_m3u8_dl` (bin "rust_m3u8_dl" test) due to 3 previous errors
[INFO] running `Command { std: "docker" "inspect" "e51025f8cdfb3fd58bc735a7321e7b0dffc477493a10bd7910890e3a3b03d8bc", kill_on_drop: false }`
[INFO] running `Command { std: "docker" "rm" "-f" "e51025f8cdfb3fd58bc735a7321e7b0dffc477493a10bd7910890e3a3b03d8bc", kill_on_drop: false }`
[INFO] [stdout] e51025f8cdfb3fd58bc735a7321e7b0dffc477493a10bd7910890e3a3b03d8bc
